ainder when 4619 is divided by 42?
41
Calculate the remainder when 444 is divided by 415.
29
Calculate the remainder when 1618 is divided by 236.
202
What is the remainder when 262 is divided by 89?
84
What is the remainder when 71 is divided by 19?
14
What is the remainder when 114 is divided by 20?
14
What is the remainder when 40 is divided by 21?
19
Calculate the remainder when 5759 is divided by 90.
89
What is the remainder when 295 is divided by 10?
5
Calculate the remainder when 946 is divided by 73.
70
What is the remainder when 1258 is divided by 13?
10
Calculate the remainder when 5157 is divided by 89.
84
What is the remainder when 85 is divided by 6?
1
Calculate the remainder when 731 is divided by 32.
27
Calculate the remainder when 94 is divided by 39.
16
Calculate the remainder when 246 is divided by 13.
12
What is the remainder when 276 is divided by 95?
86
What is the remainder when 564 is divided by 9?
6
What is the remainder when 93 is divided by 19?
17
Calculate the remainder when 73 is divided by 9.
1
Calculate the remainder when 103 is divided by 8.
7
Calculate the remainder when 178 is divided by 61.
56
Calculate the remainder when 647 is divided by 21.
17
What is the remainder when 11912 is divided by 74?
72
Calculate the remainder when 126 is divided by 43.
40
Calculate the remainder when 503 is divided by 97.
18
What is the remainder when 605 is divided by 9?
2
What is the remainder when 4701 is divided by 361?
8
What is the remainder when 456 is divided by 27?
24
Calculate the remainder when 1971 is divided by 14.
11
What is the remainder when 2968 is divided by 90?
88
Calculate the remainder when 941 is divided by 63.
59
Calculate the remainder when 47 is divided by 33.
14
What is the remainder when 28 is divided by 3?
1
What is the remainder when 189 is divided by 95?
94
Calculate the remainder when 910 is divided by 444.
22
Calculate the remainder when 50756 is divided by 24.
20
What is the remainder when 272 is divided by 62?
24
What is the remainder when 165 is divided by 17?
12
What is the remainder when 648 is divided by 143?
76
What is the remainder when 302 is divided by 8?
6
What is the remainder when 147 is divided by 47?
6
What is the remainder when 87 is divided by 36?
15
What is the remainder when 419 is divided by 64?
35
What is the remainder when 407 is divided by 90?
47
What is the remainder when 1136 is divided by 30?
26
Calculate the remainder when 973 is divided by 88.
5
Calculate the remainder when 166 is divided by 25.
16
Calculate the remainder when 726 is divided by 36.
6
Calculate the remainder when 10348 is divided by 230.
228
What is the remainder when 1018 is divided by 5?
3
What is the remainder when 2368 is divided by 79?
77
What is the remainder when 606 is divided by 13?
8
Calculate the remainder when 15080 is divided by 11.
10
What is the remainder when 721 is divided by 122?
111
Calculate the remainder when 8118 is divided by 10.
8
What is the remainder when 993 is divided by 19?
5
Calculate the remainder when 394 is divided by 122.
28
What is the remainder when 4361 is divided by 4350?
11
What is the remainder when 139 is divided by 70?
69
What is the remainder when 421 is divided by 85?
81
What is the remainder when 1127 is divided by 1111?
16
Calculate the remainder when 2589 is divided by 48.
45
What is the remainder when 988 is divided by 124?
120
Calculate the remainder when 12795 is divided by 160.
155
Calculate the remainder when 34 is divided by 8.
2
Calculate the remainder when 2277 is divided by 76.
73
Calculate the remainder when 159 is divided by 18.
15
Calculate the remainder when 49 is divided by 13.
10
What is the remainder when 116 is divided by 76?
40
Calculate the remainder when 913 is divided by 443.
27
Calculate the remainder when 65 is divided by 21.
2
What is the remainder when 115 is divided by 37?
4
Calculate the remainder when 379 is divided by 10.
9
What is the remainder when 410 is divided by 2?
0
Calculate the remainder when 920 is divided by 179.
25
What is the remainder when 2969 is divided by 165?
164
Calculate the remainder when 837 is divided by 70.
67
What is the remainder when 797 is divided by 365?
67
What is the remainder when 85 is divided by 33?
19
Calculate the remainder when 441 is divided by 92.
73
What is the remainder when 241 is divided by 4?
1
What is the remainder when 239 is divided by 86?
67
What is the remainder when 7571 is divided by 33?
14
What is the remainder when 86 is divided by 23?
17
What is the remainder when 109 is divided by 32?
13
What is the remainder when 414 is divided by 113?
75
Calculate the remainder when 30 is divided by 4.
2
Calculate the remainder when 351 is divided by 4.
3
Calculate the remainder when 380 is divided by 188.
4
What is the remainder when 8422 is divided by 76?
62
What is the remainder when 228 is divided by 96?
36
Calculate the remainder when 582 is divided by 149.
135
What is the remainder when 99 is divided by 17?
14
What is the remainder when 822 is divided by 55?
52
Calculate the remainder when 1085 is divided by 68.
65
What is the remainder when 76 is divided by 40?
36
Calculate the remainder when 66 is divided by 25.
16
Calculate the remainder when 218 is divided by 10.
8
What is the remainder when 1383 is divided by 344?
7
Calculate the remainder when 474 is divided by 92.
14
What is the remainder when 360 is divided by 33?
30
What is the remainder when 837 is divided by 56?
53
What is the remainder when 647 is divided by 4?
3
What is the remainder when 690 is divided by 335?
20
What is the remainder when 113 is divided by 93?
20
What is the remainder when 334 is divided by 154?
26
Calculate the remainder when 1677 is divided by 20.
17
Calculate the remainder when 252 is divided by 45.
27
What is the remainder when 1449 is divided by 58?
57
Calculate the remainder when 136 is divided by 76.
60
What is the remainder when 425 is divided by 61?
59
What is the remainder when 766 is divided by 254?
4
Calculate the remainder when 583 is divided by 521.
62
What is the remainder when 2169 is divided by 109?
98
What is the remainder when 644 is divided by 154?
28
What is the remainder when 759 is divided by 186?
15
What is the remainder when 176 is divided by 25?
1
What is the remainder when 6379 is divided by 133?
128
What is the remainder when 338 is divided by 85?
83
Calculate the remainder when 536 is divided by 18.
14
What is the remainder when 306 is divided by 44?
42
What is the remainder when 35 is divided by 16?
3
What is the remainder when 24 is divided by 6?
0
Calculate the remainder when 76061 is divided by 16.
13
What is the remainder when 414 is divided by 26?
24
Calculate the remainder when 170 is divided by 53.
11
Calculate the remainder when 13798 is divided by 120.
118
Calculate the remainder when 3154 is divided by 77.
74
What is the remainder when 287 is divided by 21?
14
What is the remainder when 17886 is divided by 43?
41
What is the remainder when 2803 is divided by 17?
15
What is the remainder when 517 is divided by 148?
73
Calculate the remainder when 57 is divided by 20.
17
Calculate the remainder when 1255 is divided by 39.
7
Calculate the remainder when 384 is divided by 96.
0
Calculate the remainder when 1220 is divided by 17.
13
What is the remainder when 279 is divided by 70?
69
Calculate the remainder when 117 is divided by 59.
58
What is the remainder when 801 is divided by 62?
57
Calculate the remainder when 998 is divided by 325.
23
Calculate the remainder when 299 is divided by 165.
134
What is the remainder when 1318 is divided by 33?
31
What is the remainder when 663 is divided by 74?
71
What is the remainder when 195 is divided by 3?
0
Calculate the remainder when 44 is divided by 12.
8
Calculate the remainder when 157 is divided by 44.
25
What is the remainder when 1871 is divided by 117?
116
What is the remainder when 1715 is divided by 132?
131
What is the remainder when 3499 is divided by 1165?
4
What is the remainder when 27 is divided by 11?
5
Calculate the remainder when 99 is divided by 21.
15
What is the remainder when 2032 is divided by 37?
34
Calculate the remainder when 1774 is divided by 588.
10
What is the remainder when 145 is divided by 